{"id":970,"date":"2025-04-29T06:54:16","date_gmt":"2025-04-29T04:54:16","guid":{"rendered":"https:\/\/atriabogados.com\/?page_id=970"},"modified":"2025-08-13T05:37:07","modified_gmt":"2025-08-13T03:37:07","slug":"aviso-legal","status":"publish","type":"page","link":"https:\/\/atriabogados.com\/val\/aviso-legal\/","title":{"rendered":"Av\u00eds legal i condicions d&#039;\u00fas"},"content":{"rendered":"<h3 class=\"wp-block-heading\" id=\"uno\">1. Av\u00eds legal<\/h3>\n\n\n\n<p>En compliment de l&#039;article 10 de la Llei 34\/2002, d&#039;11 de juliol, de Serveis de la Societat de la Informaci\u00f3 i Comer\u00e7 Electr\u00f2nic (LSSICE), us informem de les dades que identifiquen l&#039;entitat titular del web&nbsp;<a href=\"https:\/\/atriabogados.com\/val\/\">www.atriabogados.com<\/a><\/p>\n\n\n\n<figure class=\"wp-block-table\"><table class=\"has-fixed-layout\"><tbody><tr><td>Nom<\/td><td><strong>TOGA2 ADVOCATS, SRLP<\/strong><\/td><\/tr><tr><td>CIF<\/td><td>B01787860<\/td><\/tr><tr><td>Direcci\u00f3<\/td><td>Carrer de Sagunt, 35, 46113 Montcada, Val\u00e8ncia<\/td><\/tr><tr><td>Tel\u00e8fon<\/td><td>(+34) 644 401 220<\/td><\/tr><tr><td>Email<\/td><td><a href=\"mailto:info@atriabogados.com\">info@atriabogados.com<\/a><\/td><\/tr><\/tbody><\/table><\/figure>\n\n\n\n<h3 class=\"wp-block-heading\" id=\"dos\">2. Acceptaci\u00f3 de les condicions d\u00fas<\/h3>\n\n\n\n<p>Les presents condicions d&#039;\u00fas i Av\u00eds legal, aix\u00ed com la Pol\u00edtica de privadesa i la de cookies, regeixen l&#039;acc\u00e9s i \u00fas de la web per part teva, com a usuari de la mateixa.<br>El fet de fer servir la web suposa que has llegit i acceptes aquesta informaci\u00f3 legal.<\/p>\n\n\n\n<h3 class=\"wp-block-heading\" id=\"dos\">3. Contingut de la web<\/h3>\n\n\n\n<p>El lloc web allotjat sota el nom de domini&nbsp;<a href=\"https:\/\/atriabogados.com\/val\/\">www.atriabogados.com<\/a>&nbsp;constitueix una web corporativa que ofereix informaci\u00f3 sobre els serveis que presta la&nbsp;<strong>TOGA2 ADVOCATS, SRLP.<\/strong>, en endavant&nbsp;<strong>ATRIA ADVOCATS<\/strong>, com a signatura multidisciplin\u00e0ria especialitzada en diferents \u00e0rees del dret.<\/p>\n\n\n\n<h3 class=\"wp-block-heading\" id=\"dos\">4. \u00das de la web<\/h3>\n\n\n\n<p>Com a usuari et compromets a fer un \u00fas correcte i legal del contingut i dels recursos accessibles des d&#039;aquest web, respectant sempre els altres usuaris.<\/p>\n\n\n\n<p>Com a usuari renuncies a utilitzar qualsevol recurs o informaci\u00f3 continguda en aquest web amb fins il\u00b7l\u00edcits, il\u00b7legals o contraris a la bona fe ia l&#039;ordre p\u00fablic, aix\u00ed com qualsevol mitj\u00e0 que pugui danyar, inutilitzar o impedir l&#039;\u00fas normal dels recursos i informacions continguts a la web, o els sistemes d&#039;informaci\u00f3, documents, arxius i tota mena de continguts emmagatzemats a qualsevol equip inform\u00e0tic de&nbsp;<strong>ATRIA ADVOCATS<\/strong>&nbsp;dels seus membres o de qualsevol altre usuari de la web.<br>Si incomplissis qualsevol d&#039;aquestes obligacions, haur\u00e0s de respondre de tots els danys i perjudicis que causes.<\/p>\n\n\n\n<p><strong>ATRIA ADVOCATS<\/strong>&nbsp;es reserva el dret de deixar de prestar el servei per retirar els continguts il\u00b7legals, sense perjudici de la responsabilitat per danys i perjudicis que se&#039;n pogu\u00e9s derivar. Aquesta suspensi\u00f3 o retirada no d\u00f3na dret a cap indemnitzaci\u00f3.<\/p>\n\n\n\n<h3 class=\"wp-block-heading\" id=\"dos\">5. Continguts i serveis enlla\u00e7ats a trav\u00e9s de la web<\/h3>\n\n\n\n<p>Els enlla\u00e7os o links que cont\u00e9 aquesta web poden conduir-te a altres webs gestionades per tercers, sobre les quals no tenim cap responsabilitat, per aix\u00f2,&nbsp;<strong>ATRIA ADVOCATS<\/strong>&nbsp;no respon ni de l&#039;estat ni dels continguts d&#039;aquestes webs ni tampoc no implica que els recomani o que aprovi els seus continguts.<br>En tot cas, l&#039;acc\u00e9s a aquestes webs suposa que t&#039;has de sotmetre a les seves pr\u00f2pies pol\u00edtiques legals, sense que hi hagi responsabilitat per part de&nbsp;<strong>ATRIA ADVOCATS<\/strong>.<\/p>\n\n\n\n<h3 class=\"wp-block-heading\" id=\"dos\">6. Drets de propietat intel\u00b7lectual i industrial<\/h3>\n\n\n\n<p>Tots els materials i informaci\u00f3 de la web de&nbsp;<strong>ATRIA ADVOCATS<\/strong>&nbsp;estan sotmesos a la normativa vigent sobre propietat intel\u00b7lectual i\/o industrial.<br>L&#039;entitat \u00e9s titular dels drets de propietat industrial i intel\u00b7lectual de la web, aix\u00ed com dels continguts que hi ha.<\/p>\n\n\n\n<p>Per tant, no es permet l\u00fas dels continguts de la web sense lautoritzaci\u00f3 expressa i per escrit de lentitat. Qualsevol \u00fas de la web o dels seus continguts haur\u00e0 de tenir una finalitat particular.<\/p>\n\n\n\n<p>Els elements com logotips o imatges que apareguin a la web aliens a&nbsp;<strong>ATRIA ADVOCAT<\/strong>S pertanyen als seus respectius propietaris pel que seran aquests els responsables de qualsevol possible disputa que pogu\u00e9s sorgir respecte d&#039;ells.<\/p>\n\n\n\n<p>Si tens algun dubte pel que fa a la propietat de qualsevol dels continguts o serveis que s&#039;ofereixen a trav\u00e9s de la web, no dubtis a contactar amb nosaltres per poder ajudar-te.<\/p>\n\n\n\n<h3 class=\"wp-block-heading\" id=\"dos\">7. Exoneraci\u00f3 de responsabilitat<\/h3>\n\n\n\n<p><strong>ATRIA ADVOCATS<\/strong>&nbsp;vetllar\u00e0, en la mesura dels seus propis recursos t\u00e8cnics i humans pel correcte funcionament de la web, aix\u00ed com perqu\u00e8 el contingut sigui correcte i vera\u00e7.<\/p>\n\n\n\n<p>No obstant aix\u00f2,&nbsp;<strong>ATRIA ADVOCATS<\/strong>&nbsp;no pot garantir l&#039;abs\u00e8ncia de virus o altres elements lesius, introdu\u00efts per tercers, que poguessin causar danys o alteracions al sistema inform\u00e0tic, als documents electr\u00f2nics o als teus fitxers quan visites la web com a usuari.<\/p>\n\n\n\n<p><strong>ATRIA ADVOCATS<\/strong>&nbsp;no es fa responsable de:<\/p>\n\n\n\n<ol class=\"wp-block-list\">\n<li>Els danys derivats del mal \u00fas d&#039;aquesta web o dels seus continguts pels usuaris, ni de qualsevol acci\u00f3 realitzada sobre la base de la informaci\u00f3 que apareix a la web.<\/li>\n\n\n\n<li>Els errors o omissions que poguessin apar\u00e8ixer als continguts de la web.<\/li>\n\n\n\n<li>Les p\u00e8rdues o danys causats en el programari i equips inform\u00e0tics dels usuaris o de tercers per l&#039;incompliment d&#039;aquestes condicions d&#039;\u00fas per part teva com a usuari, o per errors o desconnexions a les xarxes de telecomunicacions que produeixin la suspensi\u00f3, cancel\u00b7laci\u00f3 o interrupci\u00f3 del servei del web abans o durant la prestaci\u00f3 del mateix.<\/li>\n<\/ol>\n\n\n\n<p>Et correspon, com a usuari, disposar de les eines adequades per a la detecci\u00f3 i desinfecci\u00f3 de programes inform\u00e0tics nocius.<\/p>\n\n\n\n<h3 class=\"wp-block-heading\" id=\"dos\">8. Actualitzaci\u00f3 d&#039;aquestes condicions<\/h3>\n\n\n\n<p><strong>ATRIA ADVOCATS<\/strong>&nbsp;t&#039;informa que aquestes condicions d&#039;\u00fas, la resta dels textos legals i en general, qualsevol element que forma part del disseny i la configuraci\u00f3 del web, podr\u00e0 ser modificat canviant d&#039;aquesta manera, la data d&#039;actualitzaci\u00f3 que apareix a la cap\u00e7alera de la informaci\u00f3 legal.<br>Els nous efectes que produeixi la modificaci\u00f3 es posaran en marxa una vegada publicada a la web, per aix\u00f2 \u00e9s important que acceptis la vinculaci\u00f3 a les condicions aplicables a la web en cada moment.<\/p>\n\n\n\n<h3 class=\"wp-block-heading\" id=\"dos\">9. Legislaci\u00f3 i jurisdicci\u00f3 aplicable<\/h3>\n\n\n\n<p>Aquestes condicions d&#039;\u00fas es regiran i interpretaran d&#039;acord amb la legislaci\u00f3 espanyola i qualsevol disputa relacionada amb la web de&nbsp;<strong>ATRIA ADVOCATS<\/strong>&nbsp;es tramitar\u00e0 davant de la jurisdicci\u00f3 espanyola.<\/p>","protected":false},"excerpt":{"rendered":"<p>1. Aviso legal En cumplimiento del art\u00edculo 10 de la Ley 34\/2002, de 11 de julio, de Servicios de la Sociedad de la Informaci\u00f3n y Comercio Electr\u00f3nico (LSSICE), te informamos de los datos que identifican a la entidad titular de la web&nbsp;www.atriabogados.com Nombre TOGA2 ABOGADOS, SRLP CIF B01787860 Direcci\u00f3n Carrer de Sagunt, 35, 46113 Montcada, [&hellip;]<\/p>\n","protected":false},"author":2,"featured_media":0,"parent":0,"menu_order":0,"comment_status":"closed","ping_status":"closed","template":"","meta":{"site-sidebar-layout":"default","site-content-layout":"","ast-site-content-layout":"default","site-content-style":"default","site-sidebar-style":"default","ast-global-header-display":"","ast-banner-title-visibility":"","ast-main-header-display":"","ast-hfb-above-header-display":"","ast-hfb-below-header-display":"","ast-hfb-mobile-header-display":"","site-post-title":"","ast-breadcrumbs-content":"","ast-featured-img":"","footer-sml-layout":"","ast-disable-related-posts":"","theme-transparent-header-meta":"","adv-header-id-meta":"","stick-header-meta":"","header-above-stick-meta":"","header-main-stick-meta":"","header-below-stick-meta":"","astra-migrate-meta-layouts":"set","ast-page-background-enabled":"default","ast-page-background-meta":{"desktop":{"background-color":"","background-image":"","background-repeat":"repeat","background-position":"center center","background-size":"auto","background-attachment":"scroll","background-type":"","background-media":"","overlay-type":"","overlay-color":"","overlay-opacity":"","overlay-gradient":""},"tablet":{"background-color":"","background-image":"","background-repeat":"repeat","background-position":"center center","background-size":"auto","background-attachment":"scroll","background-type":"","background-media":"","overlay-type":"","overlay-color":"","overlay-opacity":"","overlay-gradient":""},"mobile":{"background-color":"","background-image":"","background-repeat":"repeat","background-position":"center center","background-size":"auto","background-attachment":"scroll","background-type":"","background-media":"","overlay-type":"","overlay-color":"","overlay-opacity":"","overlay-gradient":""}},"ast-content-background-meta":{"desktop":{"background-color":"var(--ast-global-color-5)","background-image":"","background-repeat":"repeat","background-position":"center center","background-size":"auto","background-attachment":"scroll","background-type":"","background-media":"","overlay-type":"","overlay-color":"","overlay-opacity":"","overlay-gradient":""},"tablet":{"background-color":"var(--ast-global-color-5)","background-image":"","background-repeat":"repeat","background-position":"center center","background-size":"auto","background-attachment":"scroll","background-type":"","background-media":"","overlay-type":"","overlay-color":"","overlay-opacity":"","overlay-gradient":""},"mobile":{"background-color":"var(--ast-global-color-5)","background-image":"","background-repeat":"repeat","background-position":"center center","background-size":"auto","background-attachment":"scroll","background-type":"","background-media":"","overlay-type":"","overlay-color":"","overlay-opacity":"","overlay-gradient":""}},"_joinchat":[],"footnotes":""},"class_list":["post-970","page","type-page","status-publish","hentry"],"_links":{"self":[{"href":"https:\/\/atriabogados.com\/val\/wp-json\/wp\/v2\/pages\/970","targetHints":{"allow":["GET"]}}],"collection":[{"href":"https:\/\/atriabogados.com\/val\/wp-json\/wp\/v2\/pages"}],"about":[{"href":"https:\/\/atriabogados.com\/val\/wp-json\/wp\/v2\/types\/page"}],"author":[{"embeddable":true,"href":"https:\/\/atriabogados.com\/val\/wp-json\/wp\/v2\/users\/2"}],"replies":[{"embeddable":true,"href":"https:\/\/atriabogados.com\/val\/wp-json\/wp\/v2\/comments?post=970"}],"version-history":[{"count":3,"href":"https:\/\/atriabogados.com\/val\/wp-json\/wp\/v2\/pages\/970\/revisions"}],"predecessor-version":[{"id":1232,"href":"https:\/\/atriabogados.com\/val\/wp-json\/wp\/v2\/pages\/970\/revisions\/1232"}],"wp:attachment":[{"href":"https:\/\/atriabogados.com\/val\/wp-json\/wp\/v2\/media?parent=970"}],"curies":[{"name":"wp","href":"https:\/\/api.w.org\/{rel}","templated":true}]}}